{"id":1039,"date":"2025-01-01T13:00:40","date_gmt":"2025-01-01T12:00:40","guid":{"rendered":"http:\/\/www.sweinlager.at\/heuriger\/?page_id=1039"},"modified":"2025-01-01T13:00:40","modified_gmt":"2025-01-01T12:00:40","slug":"speisekarte","status":"publish","type":"page","link":"http:\/\/www.sweinlager.at\/heuriger\/?page_id=1039","title":{"rendered":"Speisekarte"},"content":{"rendered":"\n<p>Liebe G\u00e4ste,<\/p>\n\n\n\n<p>gerne k\u00f6nnen w\u00e4hrend unserer \u00d6ffnungszeiten Speisen bestellt und abgeholt werden.<\/p>\n\n\n\n<p>Bitte haben Sie Verst\u00e4ndnis dass dies bei v\u00f6lliger Auslastung nicht immer m\u00f6glich ist.<\/p>\n\n\n\n<p>Bestellungen k\u00f6nnen unter 0664\/141 44 22 get\u00e4tigt werden.<\/p>\n\n\n\n<p>Bitte Bringen Sie nach M\u00f6glichkeit eine Tasche oder Einkaufskorb mit um Ihre Speisen nach Hause transportieren zu k\u00f6nnen.<\/p>\n\n\n\n<p>Vielen Dank!<\/p>\n\n\n\n<figure class=\"wp-block-image size-large\"><a href=\"http:\/\/www.sweinlager.at\/heuriger\/wp-content\/uploads\/2025\/01\/Screenshot_20250101-125705_PDF-Reader.jpg\"><img loading=\"lazy\" width=\"747\" height=\"1024\" src=\"http:\/\/www.sweinlager.at\/heuriger\/wp-content\/uploads\/2025\/01\/Screenshot_20250101-125705_PDF-Reader-747x1024.jpg\" alt=\"\" class=\"wp-image-1048\" srcset=\"http:\/\/www.sweinlager.at\/heuriger\/wp-content\/uploads\/2025\/01\/Screenshot_20250101-125705_PDF-Reader-747x1024.jpg 747w, http:\/\/www.sweinlager.at\/heuriger\/wp-content\/uploads\/2025\/01\/Screenshot_20250101-125705_PDF-Reader-219x300.jpg 219w, http:\/\/www.sweinlager.at\/heuriger\/wp-content\/uploads\/2025\/01\/Screenshot_20250101-125705_PDF-Reader-768x1053.jpg 768w, http:\/\/www.sweinlager.at\/heuriger\/wp-content\/uploads\/2025\/01\/Screenshot_20250101-125705_PDF-Reader-1120x1536.jpg 1120w, http:\/\/www.sweinlager.at\/heuriger\/wp-content\/uploads\/2025\/01\/Screenshot_20250101-125705_PDF-Reader.jpg 1200w\" sizes=\"(max-width: 706px) 89vw, (max-width: 767px) 82vw, 740px\" \/><\/a><\/figure>\n\n\n\n<figure class=\"wp-block-image size-large\"><a href=\"http:\/\/www.sweinlager.at\/heuriger\/wp-content\/uploads\/2025\/01\/Screenshot_20250101-125719_PDF-Reader.jpg\"><img loading=\"lazy\" width=\"294\" height=\"1024\" src=\"http:\/\/www.sweinlager.at\/heuriger\/wp-content\/uploads\/2025\/01\/Screenshot_20250101-125719_PDF-Reader-294x1024.jpg\" alt=\"\" class=\"wp-image-1049\" srcset=\"http:\/\/www.sweinlager.at\/heuriger\/wp-content\/uploads\/2025\/01\/Screenshot_20250101-125719_PDF-Reader-294x1024.jpg 294w, http:\/\/www.sweinlager.at\/heuriger\/wp-content\/uploads\/2025\/01\/Screenshot_20250101-125719_PDF-Reader-86x300.jpg 86w, http:\/\/www.sweinlager.at\/heuriger\/wp-content\/uploads\/2025\/01\/Screenshot_20250101-125719_PDF-Reader.jpg 447w\" sizes=\"(max-width: 294px) 100vw, 294px\" \/><\/a><\/figure>\n","protected":false},"excerpt":{"rendered":"<p>Liebe G\u00e4ste, gerne k\u00f6nnen w\u00e4hrend unserer \u00d6ffnungszeiten Speisen bestellt und abgeholt werden. Bitte haben Sie Verst\u00e4ndnis dass dies bei v\u00f6lliger Auslastung nicht immer m\u00f6glich ist. Bestellungen k\u00f6nnen unter 0664\/141 44 22 get\u00e4tigt werden. Bitte Bringen Sie nach M\u00f6glichkeit eine Tasche oder Einkaufskorb mit um Ihre Speisen nach Hause transportieren zu k\u00f6nnen. Vielen Dank!<\/p>\n","protected":false},"author":1,"featured_media":0,"parent":0,"menu_order":0,"comment_status":"closed","ping_status":"closed","template":"","meta":[],"_links":{"self":[{"href":"http:\/\/www.sweinlager.at\/heuriger\/index.php?rest_route=\/wp\/v2\/pages\/1039"}],"collection":[{"href":"http:\/\/www.sweinlager.at\/heuriger\/index.php?rest_route=\/wp\/v2\/pages"}],"about":[{"href":"http:\/\/www.sweinlager.at\/heuriger\/index.php?rest_route=\/wp\/v2\/types\/page"}],"author":[{"embeddable":true,"href":"http:\/\/www.sweinlager.at\/heuriger\/index.php?rest_route=\/wp\/v2\/users\/1"}],"replies":[{"embeddable":true,"href":"http:\/\/www.sweinlager.at\/heuriger\/index.php?rest_route=%2Fwp%2Fv2%2Fcomments&post=1039"}],"version-history":[{"count":4,"href":"http:\/\/www.sweinlager.at\/heuriger\/index.php?rest_route=\/wp\/v2\/pages\/1039\/revisions"}],"predecessor-version":[{"id":1050,"href":"http:\/\/www.sweinlager.at\/heuriger\/index.php?rest_route=\/wp\/v2\/pages\/1039\/revisions\/1050"}],"wp:attachment":[{"href":"http:\/\/www.sweinlager.at\/heuriger\/index.php?rest_route=%2Fwp%2Fv2%2Fmedia&parent=1039"}],"curies":[{"name":"wp","href":"https:\/\/api.w.org\/{rel}","templated":true}]}}