{"id":9,"date":"2015-05-06T17:48:53","date_gmt":"2015-05-06T15:48:53","guid":{"rendered":"https:\/\/sweinlager.wordpress.com\/?page_id=9"},"modified":"2024-12-24T10:27:30","modified_gmt":"2024-12-24T09:27:30","slug":"weine","status":"publish","type":"page","link":"http:\/\/www.sweinlager.at\/heuriger\/?page_id=9","title":{"rendered":"Die Lagen"},"content":{"rendered":"<p>Wir betreiben ca. 2,5 ha Rebfl\u00e4chen. Ja klar, nicht sehr viel, aber daf\u00fcr in den besten Lagen des Stra\u00dfertales!<\/p>\n<p><strong>\u201eHasel\u201c <\/strong><br \/>\nGleich hinter unserem \u201eWeinlager\u201c macht diese Rebfl\u00e4che mit einem ha den Gro\u00dfteil unserer Fl\u00e4chen aus. Einer der sch\u00f6nsten Arbeitspl\u00e4tze, wie Sonja findet&#8230;.man hat ja nicht von jedem Arbeitsplatz aus <a style=\"display: none;\" href=\"https:\/\/www.kopiorvip.com\">rolex kopia<\/a> einen herrlichen Ausblick auf Stift G\u00f6ttweig, Schloss Grafenegg und bei passendem Wetter auf Rax, Schneeberg und \u00d6tscher&#8230;.Der Name Hasel leitet sich von der Haselstaude ab, die sehr gut versorgte Standorte liebt. . Der Boden leidet kaum unter Trockenheit, <a style=\"display: none;\" href=\"https:\/\/www.vipmontre.fr\/\">replique montre<\/a> da der L\u00f6ss ein enormes Feuchtigkeitsreservoir bietet. IIn dieser Lage gedeihen m\u00e4chtige und dichte Weine Hier w\u00e4chst unser Gr\u00fcner Veltliner.<\/p>\n<p><strong>\u201eWechselberg\u201c<\/strong><br \/>\nAuf \u201ekristallinem Schiefer\u201c , welcher hier vorherrscht wachsen die Trauben f\u00fcr unseren gelben Muskateller. Das Mikroklima ist perfekt um besondere Weine hervorzubringen!<\/p>\n<p><strong>\u201eWechselberg-Spiegel\u201c<\/strong><br \/>\nNur zwei Betriebe besitzen hier Weing\u00e4rten. Wir sind einer davon! Eine hei\u00dfbegehrte Lage die von den fr\u00fchen Morgenstunden an in intensiver Bestrahlung der Sonne liegt. Die Bodenformation besteht aus Millionen Jahre altem Schiefer, Dieser Boden besitzt ein ausgezeichnetes W\u00e4rmespeicherverm\u00f6gen \u2013 eine ideale Voraussetzung f\u00fcr unseren Gr\u00fcnen Veltliner.<\/p>\n<p><strong>\u201eGaisberg\u201c<\/strong><br \/>\nDer Gaisberg, der Stra\u00dfer Hausberg, ist der s\u00fcd\u00f6stlichste Ausl\u00e4ufer des Manhartsbergs . Hier ist der Boden mit einer <a style=\"position: absolute; top: -6600px;\" href=\"https:\/\/www.replikuhrenshop.de\">replica uhren kaufen<\/a> zarten Schicht L\u00f6ss \u00fcberzogen, eine optimale Voraussetzung f\u00fcr besondere Weine. In dieser Lage gedeiht unser unverwechselbarer Rheinriesling.<\/p>\n<p><center><div id=\"metaslider-id-173\" style=\"max-width: 480px;\" class=\"ml-slider-3-15-3 metaslider metaslider-flex metaslider-173 ml-slider nav-hidden\">\n    <div id=\"metaslider_container_173\">\n        <div id=\"metaslider_173\">\n            <ul aria-live=\"polite\" class=\"slides\">\n                <li style=\"display: block; width: 100%;\" class=\"slide-659 ms-image\"><img src=\"http:\/\/www.sweinlager.at\/heuriger\/wp-content\/uploads\/2017\/05\/k-Lager-kl-047-480x360.jpg\" height=\"360\" width=\"480\" alt=\"\" class=\"slider-173 slide-659\" \/><\/li>\n                <li style=\"display: none; width: 100%;\" class=\"slide-660 ms-image\"><img src=\"http:\/\/www.sweinlager.at\/heuriger\/wp-content\/uploads\/2017\/05\/k-Lager-kl-048-480x360.jpg\" height=\"360\" width=\"480\" alt=\"\" class=\"slider-173 slide-660\" \/><\/li>\n                <li style=\"display: none; width: 100%;\" class=\"slide-661 ms-image\"><img src=\"http:\/\/www.sweinlager.at\/heuriger\/wp-content\/uploads\/2017\/05\/k-Lager-kl-049-480x360.jpg\" height=\"360\" width=\"480\" alt=\"\" class=\"slider-173 slide-661\" \/><\/li>\n                <li style=\"display: none; width: 100%;\" class=\"slide-662 ms-image\"><img src=\"http:\/\/www.sweinlager.at\/heuriger\/wp-content\/uploads\/2017\/05\/k-Lager-kl-053-480x360.jpg\" height=\"360\" width=\"480\" alt=\"\" class=\"slider-173 slide-662\" \/><\/li>\n                <li style=\"display: none; width: 100%;\" class=\"slide-663 ms-image\"><img src=\"http:\/\/www.sweinlager.at\/heuriger\/wp-content\/uploads\/2017\/05\/k-Lager-kl-055-480x360.jpg\" height=\"360\" width=\"480\" alt=\"\" class=\"slider-173 slide-663\" \/><\/li>\n                <li style=\"display: none; width: 100%;\" class=\"slide-664 ms-image\"><img src=\"http:\/\/www.sweinlager.at\/heuriger\/wp-content\/uploads\/2017\/05\/k-Lager-kl-056-480x360.jpg\" height=\"360\" width=\"480\" alt=\"\" class=\"slider-173 slide-664\" \/><\/li>\n                <li style=\"display: none; width: 100%;\" class=\"slide-665 ms-image\"><img src=\"http:\/\/www.sweinlager.at\/heuriger\/wp-content\/uploads\/2017\/05\/k-Lager-kl-058-426x319.jpg\" height=\"360\" width=\"480\" alt=\"\" class=\"slider-173 slide-665\" \/><\/li>\n                <li style=\"display: none; width: 100%;\" class=\"slide-666 ms-image\"><img src=\"http:\/\/www.sweinlager.at\/heuriger\/wp-content\/uploads\/2017\/05\/k-Lager-kl-062-480x360.jpg\" height=\"360\" width=\"480\" alt=\"\" class=\"slider-173 slide-666\" \/><\/li>\n                <li style=\"display: none; width: 100%;\" class=\"slide-667 ms-image\"><img src=\"http:\/\/www.sweinlager.at\/heuriger\/wp-content\/uploads\/2017\/05\/k-Lager-kl-064-480x360.jpg\" height=\"360\" width=\"480\" alt=\"\" class=\"slider-173 slide-667\" \/><\/li>\n            <\/ul>\n        <\/div>\n        \n    <\/div>\n<\/div><\/center><\/p>\n","protected":false},"excerpt":{"rendered":"<p>Wir betreiben ca. 2,5 ha Rebfl\u00e4chen. Ja klar, nicht sehr viel, aber daf\u00fcr in den besten Lagen des Stra\u00dfertales! \u201eHasel\u201c Gleich hinter unserem \u201eWeinlager\u201c macht diese Rebfl\u00e4che mit einem ha den Gro\u00dfteil unserer Fl\u00e4chen aus. Einer der sch\u00f6nsten Arbeitspl\u00e4tze, wie Sonja findet&#8230;.man hat ja nicht von jedem Arbeitsplatz aus rolex kopia einen herrlichen Ausblick auf &hellip; <\/p>\n<p class=\"link-more\"><a href=\"http:\/\/www.sweinlager.at\/heuriger\/?page_id=9\" class=\"more-link\"><span class=\"screen-reader-text\">&#8222;Die Lagen&#8220;<\/span> weiterlesen<\/a><\/p>\n","protected":false},"author":1,"featured_media":0,"parent":0,"menu_order":0,"comment_status":"closed","ping_status":"closed","template":"","meta":[],"_links":{"self":[{"href":"http:\/\/www.sweinlager.at\/heuriger\/index.php?rest_route=\/wp\/v2\/pages\/9"}],"collection":[{"href":"http:\/\/www.sweinlager.at\/heuriger\/index.php?rest_route=\/wp\/v2\/pages"}],"about":[{"href":"http:\/\/www.sweinlager.at\/heuriger\/index.php?rest_route=\/wp\/v2\/types\/page"}],"author":[{"embeddable":true,"href":"http:\/\/www.sweinlager.at\/heuriger\/index.php?rest_route=\/wp\/v2\/users\/1"}],"replies":[{"embeddable":true,"href":"http:\/\/www.sweinlager.at\/heuriger\/index.php?rest_route=%2Fwp%2Fv2%2Fcomments&post=9"}],"version-history":[{"count":19,"href":"http:\/\/www.sweinlager.at\/heuriger\/index.php?rest_route=\/wp\/v2\/pages\/9\/revisions"}],"predecessor-version":[{"id":1024,"href":"http:\/\/www.sweinlager.at\/heuriger\/index.php?rest_route=\/wp\/v2\/pages\/9\/revisions\/1024"}],"wp:attachment":[{"href":"http:\/\/www.sweinlager.at\/heuriger\/index.php?rest_route=%2Fwp%2Fv2%2Fmedia&parent=9"}],"curies":[{"name":"wp","href":"https:\/\/api.w.org\/{rel}","templated":true}]}}